 (2 - 1) + 0
-4
What is -4 + 1 - -3 - -6?
6
Calculate -4 + 3 + -8 + 9 + -1.
-1
-135 - -141 - (0 + (-4 - 1))
11
What is the value of -8 - (-9 - -8) - -2?
-5
What is -4 + -5 + 7 - (0 + -2)?
0
Calculate -1 + (1 + 2 - 5).
-3
Calculate (-7 - -1) + 0 + 1 - -4.
-1
Evaluate 4 - (-6 - 4 - -17).
-3
What is the value of -1 + (0 - (7 + -5))?
-3
-3 + -4 + 4 + 4
1
Calculate -144 + 145 + -9 + 1.
-7
Evaluate -6 - (-4 + 0 - (27 + -26)).
-1
Calculate 8 - (12 + -1 + -4).
1
What is the value of 8 + -3 + 2 + -3?
4
What is the value of -3 - (-6 - -2 - (2 - 1))?
2
-3 + 1 + 5 - (-10 - -12)
1
Evaluate 15 + -8 - (-24 + 20).
11
Calculate (-238 - -234) + (1 - 2 - -7).
2
Evaluate (-1 + 3 - -1 - 0) + -6.
-3
What is the value of -2 + -6 - -4 - -4 - 2?
-2
-3 - ((-4 - 0) + 1 - -3)
-3
What is the value of -1 + 0 + (5 - 0)?
4
What is -1 - -8 - (26 + -18 + -2)?
1
3 + 5 + -12 - -4
0
5 + -4 - (4 + (1 - 2))
-2
Evaluate -9 + 1 + 5 - (-1 - -1).
-3
Evaluate 3 - ((7 - 6) + -2 + -2).
6
What is the value of (-2 + 11 - -2) + (-9 - -4)?
6
Evaluate (6 + -4 - 0) + 2.
4
What is the value of 5 - (-5 - (-12 - -4))?
2
Evaluate 2 - (3 - (5 + -1)).
3
Evaluate -2 - (4 - (5 + 0)).
-1
Calculate 7 + (1 - (2 - 5)) + -7.
4
(1 - 1) + 2 + -2 - 0
0
-13 - (3 - 1) - -9
-6
Evaluate (-4 - -2) + 2 - -4.
4
What is the value of -5 + 1 + -1 - 0?
-5
What is the value of -17 + (-5 - -17) - (-5 + 1)?
-1
What is -6 + 0 - (4 - (5 - 0))?
-5
What is 4 + (-1 - (1 - (-5 - -3)))?
0
4 - (0 + 1 - -4)
-1
What is the value of -3 - (3 + -3) - (-1 + -2)?
0
What is -34 + 19 + (0 - -8)?
-7
What is 4 + (-13 - -4 - -1) + 5?
1
Calculate (7 - 4) + (1 - 6).
-2
What is the value of (19 - 7) + (15 - 23)?
4
What is the value of -41 + 38 + (3 - -4)?
4
What is (-2 - (-5 + 0)) + -3 + 0?
0
What is -1 - -3 - 3 - 0?
-1
What is the value of -6 - (5 + -2 + -3)?
-6
What is the value of 3 - 0 - (-9 + 16)?
-4
Evaluate -4 + 15 + -9 + (-2 - 5).
-5
Calculate 3 + -5 + 4 - 3.
-1
1 - (-5 - -12 - 1) - 2
-7
(5 - (-2 + 2)) + -9
-4
Calculate 5 + -3 + 0 - -2.
4
What is the value of 0 - (1 + 0) - (5 + 0)?
-6
Calculate -3 + 4 + 1 + 1.
3
What is -1 - -2 - (-7 - -5)?
3
What is the value of (-5 - -1) + 12 - (-1 - -5)?
4
-3 + (-12 + 16 - (2 - 3))
2
Evaluate -1 + (8 - 1) - (-175 - -181).
0
What is 11 + -8 + 6 + -1?
8
Calculate 2 + 0 - (-2 - -3).
1
Calculate 1 - (-6 + 20 + -4 - 6).
-3
Calculate -5 - 1 - (-6 + 1).
-1
Calculate -2 - (-5 + (7 - 2) + -2).
0
Evaluate (24 - 26) + 0 + -1 + 0.
-3
Calculate 1 - (-3 + 3 - 4).
5
Evaluate 0 + 1 + 2 - (1 - -2).
0
What is the value of -4 + (1 - (-6 - -3) - 0)?
0
(70 - 67) + -1 + -7
-5
Evaluate -4 - (-6 - (-4 - -8)).
6
Evaluate -8 - (-9 - (3 - -1) - 5).
10
Evaluate (0 - -4 - 3) + -1.
0
Evaluate 9 + (-4 - -1 - 1).
5
What is 2 + 0 - -2 - -1?
5
What is -1 + 0 - (0 - -4 - 7)?
2
What is the value of 2 + -8 + (6 - 3)?
-3
Calculate 6 - (-3 + 1 + 30 + -27).
5
What is 3 - (-1 + 3 + (-1 - 2))?
4
21 - 19 - (1 - -3)
-2
-6 + (2 - 2 - -4) + 2
0
Calculate -2 + -2 + 7 + -11.
-8
Evaluate (14 - 2) + 1 + -6.
7
What is -12 - (1 + -1 + -4)?
-8
What is 51 + -54 + (0 - 1)?
-4
0 + -3 - (9 + -7)
-5
What is the value of 0 + 5 + (-1 - 0)?
4
Calculate (39 - 21) + -1 + (-1 - 6).
10
Evaluate (-1 - (-4 + 7)) + -2 + 3.
-3
Evaluate 7 - 2 - (8 + 3 + -4).
-2
(-3 - -3 - -5) + -9 - -3
-1
What is (-6 - -1) + 1 + 0?
-4
What is the value of 2 + 1 + (0 - 1) - 3?
-1
1 + 3 + -6 - -6
4
0 - (2 + -5) - 4
-1
Calculate 6 + -5 + (0 - (-1 - 2)).
4
What is (-3 - (-5 - -4)) + 1 + 3?
2
What is the value of (5 - 2) + (5 - (0 + 3))?
5
What is the value of -3 + 0 - -7 - (1 - -4)?
-1
Calculate -7 - ((-3 - -1) + -1 + 0).
-4
Evaluate 15 + (11 + -18 - 0).
8
Calculate 1 - (0 - -2) - 2.
-3
Calculate (-27 - -39) + (2 - 5 - 1).
8
(3 - 9) + (6 - 2)
-2
What is -14 + (-3 - -8) - -7?
-2
What is -6 - (-2 + -6) - -6?
8
(-4 - (-1 - 9)) + -5 + 2
3
Calculate 0 + -6 + 7 + -1 + 4.
4
(-1 - (4 - 2)) + (0 - -2)
-1
What is the value of 3 - (-3 + -1 - -12)?
-5
Evaluate -7 + 5 + (1 - -3 - 5).
-3
What is (1 - -7) + (9 - 6) + -7?
4
Evaluate 0 + 11 + -11 + -1 + -8.
-9
What is the value of 17 + -6 - (1 + 0) - 6?
4
-6 + -2 + (-9 - -4) + 5
-8
5 - -3 - 8 - 5 - 0
-5
What is the value of 7 + (1 - 3) + 1 + -2?
4
Evaluate -3 + 2 + 5 + 0 + -1.
3
3 - 2 - (-5 - -15) - -4
-5
30 + -38 - (1 - 12)
3
Evaluate 2 - 1 - 9 - -6.
-2
Evaluate 5 + -4 + -2 - (3 + -1).
-3
Calculate 2 - (5 + -3 + -4).
4
What is 4 + -4 + 6 + 2?
8
What is the value of -2 + (6 - (6 - 6) - 13)?
-9
Calculate -3 + (-1 - -2) + 195 + -194.
-1
(0 + 3 - -3) + (-9 - -8)
5
What is 2 - (11 - (3 + 3))?
-3
Calculate (61 - 57) + -1 + -6.
-3
1 - -3 - (-6 - -6)
4
What is 2 - 6 - (0 + 0)?
-4
(-12 - -1) + 5 + 0
-6
4 + 11 + -7 - (1 - -2)
5
What is the value of 6 + -3 + 2 - 3 - 0?
2
-4 - 1 - (-1 - 9)
5
What is -5 + (-1 - (-3 + (6 - 4)))?
-5
Calculate 2 + -4 - 5 - (-5 - -1).
-3
What is -1 - (0 + (3 - 10) + 1)?
5
-1 - ((2 - -2 - 2) + -4)
1
Calculate (2 + -4 - -2) + 8 + -8.
0
What is 2 + (-1 + (1 - -1) - 1)?
2
What is 0 + 1 + -2 + -2 + 8?
5
(0 - 0 - -2) + -8
-6
What is the value of -5 + -6 + 13 + -3?
-1
Evaluate -8 + 0 + 1 - -9.
2
What is (15 - 11) + -10 + 1?
-5
What is the value of -8 + 12 + -5 + 8?
7
What is (7 - 2) + 14 + -19?
0
(-15 - -16) + (2 - 1) + -7
-5
What is (2 - 3) + -2 - 2?
-5
What is -6 - (-2 + 3) - (-5 - 7)?
5
What is (9 - 9) + 0 + 3?
3
Calculate -6 + 1 - ((-2 - -8) + -6).
-5
(6 - (-2 - (4 - 10))) + -2
0
Calculate 0 + -10 - (-4 - 7).
1
7 + -3 - (2 + -1)
3
Calculate (-2 - (-5 - -8 - 7)) + 0.
2
Calculate 3 + (-6 + 5 - 8).
-6
Evaluate 7 + -11 + -5 + 8.
-1
(13 + -13 - 11) + 10
-1
What is the value of -3 + (7 - (-4 - -8)) + 4?
4
What is 8 - 8 - (-5 + 3 - 0)?
2
Calculate 0 + 4 + (1 - (11 - 8)).
2
What is 2 + -1 + (0 - 0) - 2?
-1
3 + -1 + 1 - 0 - 0
3
15 + -2 + 3 + -10
6
-4 - -2 - -4 - 3
-1
Evaluate 3 + 3 + -2 + 1.
5
(12 - 4) + -4 - 1
3
Calculate -1 - ((-1 - -3) + -5).
2
Evaluate (-3 - -3) + (-1 - 2).
-3
Evaluate 51 + -52 - (-1 - (-1 + -3)).
-4
Evaluate (4 - 0) + (-1 - (-5 + 4)).
4
What is the value of 3 + (-9 - -2 - -10)?
6
What is the value of 9 - (10 + -7 + 6)?
0
Calculate 2 + (-4 - 0 - (1 + -1)).
-2
3 + (-2 - 5) - -4
0
Evaluate (5 - 3) + (-12 - -9) + -5.
-6
Calculate (-5 - -8) + (-8 - (0 + -3)).
-2
(9 - 0 - 3) + -5
1
(-1 - (-8 + 9)) + (1 - -7)
6
Calculate -4 + 6 + -11 + 7 + -2.
-4
Calculate 3 + 0 + (2 - 1) + 0.
4
(8 - (0 + -1)) + 43 + -44
8
What is -1 - (5 - (4 - (2 + -1)))?
-3
What is the value of -1 - (-1 - (-5 - (0 + -7)))?
2
Calculate (-8 - -1) + 2 - -4.
-1
What is the value of 3 + (3 - 1 - (-20 + 22))?
3
Evaluate -3 + (2 + -8 - (-19 - -8)).
2
Evaluate 0 - -3 - 8 - -2.
-3
0 - (-1 + -7 + 3)
5
Calculate 3 + 0 + 1 + -8.
-4
0 + (-6 - -8) + 1 + 2
5
(-9 - -12) + 10 - 7
6
What is -1 + (3 - (3 + -4))?
3
Evaluate 8 + -10 + 2 + 0.
0
What is 7 + -1 + (-1 - -1) + -7?
-1
-4 + 8 + -3 - -4
5
-8 - (0 + (-12 - -6) + 8)
-10
What is -3 + 8 + (-3 - (-1 - -1))?
2
What is the value of 8 + -2 + -9 + (4 - 3)?
-2
Evaluate 5 + 0 + -9 - -4.
0
Evaluate 8 + 5 + -5 + (-3 - -1).
6
Calculate (-1 - 1 - -1) + -3.
-4
What is the value of 13 - 4 - (6 - 3)?
6
What is 4 - 3 - (2 + -2)?
1
Calculate -5 + 1 - (12 - 21).
5
Evaluate 2 + -3 + (-8 - -7).
-2
Evaluate 2 + 9 + (-40 - -30).
1
2 - (-4 + 3) - -1
4
Calculate -23 + 25 - (5 - (2 + -1)).
-2
What is the value of (-2 + 3 - 4 - 1) + 4?
0
Calculate -2 + (3 - -3) + -5.
-1
Evaluate -1 + -4 + (5 - (-6 - -4)).
2
-5 + 4 + 2 + -8
-7
What is -3 - (3 - 3 - 1) - -6?
4
3 + -2 - 13 - -7
-5
What is 7 + (6 - (4 - -3))?
6
Calculate -13 + 5 + 4 + 10.
6
What is 0 + (-4 - (-11 - -3)) + -5?
-1
What is the value of 74 + -78 - (-1 - (-2 - -1))?
-4
Calculate 1 + 4 + (30 - 13) + -25.
-3
What is the value of 0 + 0 - (3 - -1)?
-4
Calculate -3 + 10 + (-10 - (-1 - 4)).
2
What is the value of -11 - -6 - (5 - (2 - -2))?
-6
Calculate 4 + -7 + 4 + 0.
1
6 + -10 + (-4 - -19 - 5)
6
Calculate 1 + 2 + 100 + -100 - 4.
-1
Evaluate -9 - -15 - 15 - -6.
-3
Calculate -28 + 27 - (3 + -4).
0
Evaluate -4 - (-3 + 0 + -1 - 6).
6
3 - -7 - (36 - 28)
2
What is the value of 3 + (-5 - -3) + 0 + -2?
-1
What is 5 - -1 - 2 - (1 - 1)?
4
What is 7 + (11 - 22) - (-8 - 0)?
4
What is the value of 3 - (3 - 6 - -4)?
2
3 - (-2 + (1 - (5 + -7)))
2
Calculate -11 - (-1 - (9 - -3)).
2
-5 + 4 - (-5 + 0)
4
What is -3 - (-4 - (-3 - 1) - 6)?
3
What is the value of (2 - -1) + (6 - 0) + -6?
3
What is the value of (7 - 3 - 0)